{"id":682,"date":"2021-01-11T12:33:40","date_gmt":"2021-01-11T11:33:40","guid":{"rendered":"https:\/\/cppuente.educacion.navarra.es\/web\/apyma\/?page_id=682"},"modified":"2021-06-16T13:49:16","modified_gmt":"2021-06-16T11:49:16","slug":"aula-matinal","status":"publish","type":"page","link":"https:\/\/cppuente.educacion.navarra.es\/web\/apyma\/aula-matinal\/","title":{"rendered":"Aula Matinal"},"content":{"rendered":"\n<p>Desde la Apyma Zabalzagain entendemos las dificultades que supone la conciliaci\u00f3n de la vida familiar y laboral, por&nbsp; ello, y con el fin de poder aportar nuestro granito de arena, ofrecemos el servicio de&nbsp; AULA MATINAL. <\/p>\n\n\n\n<div style=\"text-align:center\" class=\"wp-block-genesis-blocks-gb-cta gb-block-cta\"><div class=\"gb-cta-image-wrap\"><img class=\"gb-cta-image has-background-dim\" src=\"https:\/\/cppuente.educacion.navarra.es\/web\/apyma\/wp-content\/uploads\/sites\/11\/2020\/01\/cropped-150311ri90b1-scaled-1.jpg\" alt=\"\"\/><\/div><div class=\"gb-cta-content\"><h2 class=\"gb-cta-title gb-font-size-32\" style=\"color:#32373c\">Formulario de inscripci\u00f3n en el aula matinal<\/h2><div class=\"gb-cta-text gb-font-size-32\" style=\"color:#32373c\"><p>Nota: Deber\u00e1s iniciar sesi\u00f3n con una cuenta de correo Gmail para acceder.<\/p><\/div><\/div><div class=\"gb-cta-button\"><a href=\"https:\/\/forms.gle\/QyqfagPtGsSEBgqX7\" target=\"_blank\" rel=\"noopener noreferrer\" class=\"gb-button gb-button-shape-rounded gb-button-size-medium\" style=\"color:#ffffff;background-color:#3373dc\">Clica aqu\u00ed<\/a><\/div><\/div>\n\n\n\n<p>Este servicio requiere un m\u00ednimo de 10 usuario\/as, y en caso de exceder el n\u00famero de solicitudes del de plazas,&nbsp; tendr\u00e1n prioridad lo\/as socio\/as y entre de ello\/as por orden de inscripci\u00f3n.&nbsp;&nbsp;<\/p>\n\n\n\n<h2>Horarios<\/h2>\n\n\n\n<p>El servicio se ofrece durante todo el curso, de lunes a viernes, de 7:30 a 9:00 de la ma\u00f1ana, en el propio centro (no&nbsp; incluye desayuno). Aconsejamos que el alumnado de 1\u00ba de infantil comience en el mes de octubre, tras el periodo de&nbsp; adaptaci\u00f3n. Se dispone de hamacas para que el alumnado, si lo requiere, pueda descansar este rato. <\/p>\n\n\n\n<iframe loading=\"lazy\" src=\"https:\/\/docs.google.com\/presentation\/d\/e\/2PACX-1vSzRAqAZIdlwL7YG9wHcD4-ah_kSAdh8sFns-3ljEjLlSUdRx3Xf0kLr8u8PliUryyHkPmqBwIWDcFH\/embed?start=false&amp;loop=false&amp;delayms=3000\" frameborder=\"0\" width=\"960\" height=\"569\" allowfullscreen=\"true\" mozallowfullscreen=\"true\" webkitallowfullscreen=\"true\"><\/iframe>\n\n\n\n<p>En caso de ser posible, en funci\u00f3n del n\u00famero de alum@s que se inscriban, se realizar\u00e1 un descuento en los precios&nbsp; del servicio, \u00fanicamente para l@s soci@s de la Apyma y en primer lugar se tendr\u00e1 en cuenta la inscripci\u00f3n de varios&nbsp; miembros de una misma familia.&nbsp;&nbsp;<\/p>\n\n\n\n<h2>Formas de pago&nbsp;<\/h2>\n\n\n\n<p>El pago se realizar\u00e1 mediante cargo en cuenta seg\u00fan la modalidad elegida.&nbsp;&nbsp;<\/p>\n\n\n\n<p>1. Todo el curso: (opciones):&nbsp;&nbsp;<\/p>\n\n\n\n<ul><li>Pago completo: en septiembre.&nbsp;&nbsp;<\/li><li>Pago fraccionado: tres ingresos: septiembre, enero y abril.&nbsp;&nbsp;<\/li><\/ul>\n\n\n\n<p>2. Por mes:&nbsp;&nbsp;<\/p>\n\n\n\n<ul><li>Antes del final del mes anterior al que se vaya a utilizar el servicio.&nbsp;&nbsp;<\/li><\/ul>\n\n\n\n<p>3. D\u00edas sueltos: &nbsp;<\/p>\n\n\n\n<ul><li>Pago directo antes de utilizar el servicio mediante ingreso en la cuenta de la Apyma:&nbsp;&nbsp;<\/li><\/ul>\n\n\n\n<h4 class=\"has-theme-primary-color has-text-color\">CAJA RURAL: ES25 3008 0013 85 2653073219&nbsp;&nbsp;<\/h4>\n\n\n\n<p>En caso de impago de la cuota no se permitir\u00e1 el acceso al servicio. Antes de finalizar el curso escolar, se deben&nbsp;tener saldadas todas las deudas contra\u00eddas, si no es as\u00ed, se perder\u00e1 todo derecho a utilizar el servicio del aula matinal del curso siguiente, as\u00ed como cualquier otro servicio prestado por la Apyma.&nbsp;&nbsp;<\/p>\n\n\n\n<h2>Baja del servicio<\/h2>\n\n\n\n<p>Se comunicar\u00e1 a la Apyma, como m\u00ednimo 5 d\u00edas antes del \u00faltimo d\u00eda lectivo del mes, de no ser as\u00ed, el mes en curso se&nbsp; cobrar\u00e1 integro.&nbsp;&nbsp;<\/p>\n\n\n\n<p>A partir de la FECHA DE BAJA, el servicio pasar\u00e1 a considerarse D\u00cdAS SUELTOS y se aplicar\u00e1 las condiciones de estos.&nbsp;&nbsp;<\/p>\n\n\n\n<p>Las bajas del servicio para el curso siguiente pueden entregarse hasta el d\u00eda 1 de septiembre en el buz\u00f3n de la Apyma, o en el correo&nbsp; electr\u00f3nico: apyma.zabalzagain@gmail.com&nbsp;<\/p>\n\n\n\n<div style=\"text-align:center\" class=\"wp-block-genesis-blocks-gb-cta gb-block-cta\"><div class=\"gb-cta-image-wrap\"><img class=\"gb-cta-image has-background-dim\" src=\"https:\/\/cppuente.educacion.navarra.es\/web\/apyma\/wp-content\/uploads\/sites\/11\/2020\/01\/cropped-150311ri90b1-scaled-1.jpg\" alt=\"\"\/><\/div><div class=\"gb-cta-content\"><h2 class=\"gb-cta-title gb-font-size-32\" style=\"color:#32373c\">Formulario de inscripci\u00f3n en el aula matinal<\/h2><div class=\"gb-cta-text gb-font-size-32\" style=\"color:#32373c\"><p>Nota: Deber\u00e1s iniciar sesi\u00f3n con una cuenta de correo Gmail para acceder.<\/p><\/div><\/div><div class=\"gb-cta-button\"><a href=\"https:\/\/forms.gle\/QyqfagPtGsSEBgqX7\" target=\"_blank\" rel=\"noopener noreferrer\" class=\"gb-button gb-button-shape-rounded gb-button-size-medium\" style=\"color:#ffffff;background-color:#3373dc\">Clica aqu\u00ed<\/a><\/div><\/div>\n","protected":false},"excerpt":{"rendered":"<p>Desde la Apyma Zabalzagain entendemos las dificultades que supone la conciliaci\u00f3n de la vida familiar y laboral, por&nbsp; ello, y con el fin de poder aportar nuestro granito de arena, ofrecemos el servicio de&nbsp; AULA MATINAL. Este servicio requiere un m\u00ednimo de 10 usuario\/as, y en caso de exceder el n\u00famero de solicitudes del de [&hellip;]<\/p>\n","protected":false},"author":893,"featured_media":0,"parent":0,"menu_order":0,"comment_status":"closed","ping_status":"closed","template":"","meta":{"_genesis_hide_title":false,"_genesis_hide_breadcrumbs":false,"_genesis_hide_singular_image":false,"_genesis_hide_footer_widgets":false,"_genesis_custom_body_class":"","_genesis_custom_post_class":"","_genesis_layout":""},"featured_image_src":null,"featured_image_src_square":null,"_links":{"self":[{"href":"https:\/\/cppuente.educacion.navarra.es\/web\/apyma\/wp-json\/wp\/v2\/pages\/682"}],"collection":[{"href":"https:\/\/cppuente.educacion.navarra.es\/web\/apyma\/wp-json\/wp\/v2\/pages"}],"about":[{"href":"https:\/\/cppuente.educacion.navarra.es\/web\/apyma\/wp-json\/wp\/v2\/types\/page"}],"author":[{"embeddable":true,"href":"https:\/\/cppuente.educacion.navarra.es\/web\/apyma\/wp-json\/wp\/v2\/users\/893"}],"replies":[{"embeddable":true,"href":"https:\/\/cppuente.educacion.navarra.es\/web\/apyma\/wp-json\/wp\/v2\/comments?post=682"}],"version-history":[{"count":10,"href":"https:\/\/cppuente.educacion.navarra.es\/web\/apyma\/wp-json\/wp\/v2\/pages\/682\/revisions"}],"predecessor-version":[{"id":814,"href":"https:\/\/cppuente.educacion.navarra.es\/web\/apyma\/wp-json\/wp\/v2\/pages\/682\/revisions\/814"}],"wp:attachment":[{"href":"https:\/\/cppuente.educacion.navarra.es\/web\/apyma\/wp-json\/wp\/v2\/media?parent=682"}],"curies":[{"name":"wp","href":"https:\/\/api.w.org\/{rel}","templated":true}]}}

<p>Desde la Apyma Zabalzagain entendemos las dificultades que supone la conciliación de la vida familiar y laboral, por&nbsp; ello, y con el fin de poder aportar nuestro granito de arena, ofrecemos el servicio de&nbsp; AULA MATINAL. </p>



<div style="text-align:center" class="wp-block-genesis-blocks-gb-cta gb-block-cta"><div class="gb-cta-image-wrap"><img class="gb-cta-image has-background-dim" src="https://cppuente.educacion.navarra.es/web/apyma/wp-content/uploads/sites/11/2020/01/cropped-150311ri90b1-scaled-1.jpg" alt=""/></div><div class="gb-cta-content"><h2 class="gb-cta-title gb-font-size-32" style="color:#32373c">Formulario de inscripción en el aula matinal</h2><div class="gb-cta-text gb-font-size-32" style="color:#32373c"><p>Nota: Deberás iniciar sesión con una cuenta de correo Gmail para acceder.</p></div></div><div class="gb-cta-button"><a href="https://forms.gle/QyqfagPtGsSEBgqX7" target="_blank" rel="noopener noreferrer" class="gb-button gb-button-shape-rounded gb-button-size-medium" style="color:#ffffff;background-color:#3373dc">Clica aquí</a></div></div>



<p>Este servicio requiere un mínimo de 10 usuario/as, y en caso de exceder el número de solicitudes del de plazas,&nbsp; tendrán prioridad lo/as socio/as y entre de ello/as por orden de inscripción.&nbsp;&nbsp;</p>



<h2>Horarios</h2>



<p>El servicio se ofrece durante todo el curso, de lunes a viernes, de 7:30 a 9:00 de la mañana, en el propio centro (no&nbsp; incluye desayuno). Aconsejamos que el alumnado de 1º de infantil comience en el mes de octubre, tras el periodo de&nbsp; adaptación. Se dispone de hamacas para que el alumnado, si lo requiere, pueda descansar este rato. </p>



<iframe loading="lazy" src="https://docs.google.com/presentation/d/e/2PACX-1vSzRAqAZIdlwL7YG9wHcD4-ah_kSAdh8sFns-3ljEjLlSUdRx3Xf0kLr8u8PliUryyHkPmqBwIWDcFH/embed?start=false&amp;loop=false&amp;delayms=3000" frameborder="0" width="960" height="569" allowfullscreen="true" mozallowfullscreen="true" webkitallowfullscreen="true"></iframe>



<p>En caso de ser posible, en función del número de alum@s que se inscriban, se realizará un descuento en los precios&nbsp; del servicio, únicamente para l@s soci@s de la Apyma y en primer lugar se tendrá en cuenta la inscripción de varios&nbsp; miembros de una misma familia.&nbsp;&nbsp;</p>



<h2>Formas de pago&nbsp;</h2>



<p>El pago se realizará mediante cargo en cuenta según la modalidad elegida.&nbsp;&nbsp;</p>



<p>1. Todo el curso: (opciones):&nbsp;&nbsp;</p>



<ul><li>Pago completo: en septiembre.&nbsp;&nbsp;</li><li>Pago fraccionado: tres ingresos: septiembre, enero y abril.&nbsp;&nbsp;</li></ul>



<p>2. Por mes:&nbsp;&nbsp;</p>



<ul><li>Antes del final del mes anterior al que se vaya a utilizar el servicio.&nbsp;&nbsp;</li></ul>



<p>3. Días sueltos: &nbsp;</p>



<ul><li>Pago directo antes de utilizar el servicio mediante ingreso en la cuenta de la Apyma:&nbsp;&nbsp;</li></ul>



<h4 class="has-theme-primary-color has-text-color">CAJA RURAL: ES25 3008 0013 85 2653073219&nbsp;&nbsp;</h4>



<p>En caso de impago de la cuota no se permitirá el acceso al servicio. Antes de finalizar el curso escolar, se deben&nbsp;tener saldadas todas las deudas contraídas, si no es así, se perderá todo derecho a utilizar el servicio del aula matinal del curso siguiente, así como cualquier otro servicio prestado por la Apyma.&nbsp;&nbsp;</p>



<h2>Baja del servicio</h2>



<p>Se comunicará a la Apyma, como mínimo 5 días antes del último día lectivo del mes, de no ser así, el mes en curso se&nbsp; cobrará integro.&nbsp;&nbsp;</p>



<p>A partir de la FECHA DE BAJA, el servicio pasará a considerarse DÍAS SUELTOS y se aplicará las condiciones de estos.&nbsp;&nbsp;</p>



<p>Las bajas del servicio para el curso siguiente pueden entregarse hasta el día 1 de septiembre en el buzón de la Apyma, o en el correo&nbsp; electrónico: apyma.zabalzagain@gmail.com&nbsp;</p>



<div style="text-align:center" class="wp-block-genesis-blocks-gb-cta gb-block-cta"><div class="gb-cta-image-wrap"><img class="gb-cta-image has-background-dim" src="https://cppuente.educacion.navarra.es/web/apyma/wp-content/uploads/sites/11/2020/01/cropped-150311ri90b1-scaled-1.jpg" alt=""/></div><div class="gb-cta-content"><h2 class="gb-cta-title gb-font-size-32" style="color:#32373c">Formulario de inscripción en el aula matinal</h2><div class="gb-cta-text gb-font-size-32" style="color:#32373c"><p>Nota: Deberás iniciar sesión con una cuenta de correo Gmail para acceder.</p></div></div><div class="gb-cta-button"><a href="https://forms.gle/QyqfagPtGsSEBgqX7" target="_blank" rel="noopener noreferrer" class="gb-button gb-button-shape-rounded gb-button-size-medium" style="color:#ffffff;background-color:#3373dc">Clica aquí</a></div></div>

<p>Desde la Apyma Zabalzagain entendemos las dificultades que supone la conciliación de la vida familiar y laboral, por&nbsp; ello, y con el fin de poder aportar nuestro granito de arena, ofrecemos el servicio de&nbsp; AULA MATINAL. Este servicio requiere un mínimo de 10 usuario/as, y en caso de exceder el número de solicitudes del de [&hellip;]</p>
