{"id":731,"date":"2021-01-25T11:04:55","date_gmt":"2021-01-25T10:04:55","guid":{"rendered":"https:\/\/cppuente.educacion.navarra.es\/web\/apyma\/live-the-life-you-deserve\/"},"modified":"2021-02-01T19:35:21","modified_gmt":"2021-02-01T18:35:21","slug":"live-the-life-you-deserve","status":"publish","type":"page","link":"https:\/\/cppuente.educacion.navarra.es\/web\/apyma\/","title":{"rendered":"APYMA ZABALZAGAIN"},"content":{"rendered":"<section class=\"gb-block-post-grid featuredpost alignfull margin-overlay\"><div class=\"gb-post-grid-items is-list\"><article id=\"post-799\" class=\"gb-post-grid-item post-799 post type-post status-publish format-standard has-post-thumbnail category-noticias category-recursos tag-educacion-infantil tag-proyectores entry\"><div class=\"gb-block-post-grid-image\"><a href=\"https:\/\/cppuente.educacion.navarra.es\/web\/apyma\/2021\/03\/12\/nuevos-proyectores-para-el-colegio\/\" rel=\"bookmark\" aria-hidden=\"true\" tabindex=\"-1\"><img width=\"800\" height=\"400\" src=\"https:\/\/cppuente.educacion.navarra.es\/web\/apyma\/wp-content\/uploads\/sites\/11\/2021\/03\/IMG_20210312_1104492-800x400.jpg\" class=\"attachment-featured-image size-featured-image\" alt=\"\" loading=\"lazy\" srcset=\"https:\/\/cppuente.educacion.navarra.es\/web\/apyma\/wp-content\/uploads\/sites\/11\/2021\/03\/IMG_20210312_1104492-800x400.jpg 800w, https:\/\/cppuente.educacion.navarra.es\/web\/apyma\/wp-content\/uploads\/sites\/11\/2021\/03\/IMG_20210312_1104492-1600x800.jpg 1600w\" sizes=\"(max-width: 800px) 100vw, 800px\" \/><\/a><\/div><div class=\"gb-block-post-grid-text\"><header class=\"gb-block-post-grid-header\"><h2 class=\"gb-block-post-grid-title\"><a href=\"https:\/\/cppuente.educacion.navarra.es\/web\/apyma\/2021\/03\/12\/nuevos-proyectores-para-el-colegio\/\" rel=\"bookmark\">Nuevos proyectores para el colegio<\/a><\/h2><div class=\"gb-block-post-grid-byline\"><time datetime=\"2021-03-12T11:31:25+01:00\" class=\"gb-block-post-grid-date\" itemprop=\"datePublished\">12\/03\/2021<\/time><\/div><\/header><div class=\"gb-block-post-grid-excerpt\"><p>Nuestros alumnos y alumnas de Educaci\u00f3n Infantil ya disfrutan de nuevos proyectores para sus aulas. Este recurso educativo ha sido adquirido gracias al esfuerzo de nuestra Apyma y todos y todas las familias que la componen. De esta manera, todas las aulas de Educaci\u00f3n Infantil de nuestro colegio ya cuentan con este recurso tan \u00fatil.<\/p>\n<p><a class=\"gb-block-post-grid-more-link gb-text-link\" href=\"https:\/\/cppuente.educacion.navarra.es\/web\/apyma\/2021\/03\/12\/nuevos-proyectores-para-el-colegio\/\" rel=\"bookmark\">Seguir leyendo&#8230; <span class=\"screen-reader-text\">Nuevos proyectores para el colegio<\/span><\/a><\/p><\/div><\/div><\/article>\n<article id=\"post-792\" class=\"gb-post-grid-item post-792 post type-post status-publish format-standard has-post-thumbnail category-acciones-solidarias category-noticias tag-apyma-solidaria tag-recogida-de-alimentos tag-sahara entry\"><div class=\"gb-block-post-grid-image\"><a href=\"https:\/\/cppuente.educacion.navarra.es\/web\/apyma\/2021\/02\/08\/mil-gracias-mila-esker\/\" rel=\"bookmark\" aria-hidden=\"true\" tabindex=\"-1\"><img width=\"640\" height=\"400\" src=\"https:\/\/cppuente.educacion.navarra.es\/web\/apyma\/wp-content\/uploads\/sites\/11\/2021\/02\/image5-640x400.jpeg\" class=\"attachment-featured-image size-featured-image\" alt=\"\" loading=\"lazy\" \/><\/a><\/div><div class=\"gb-block-post-grid-text\"><header class=\"gb-block-post-grid-header\"><h2 class=\"gb-block-post-grid-title\"><a href=\"https:\/\/cppuente.educacion.navarra.es\/web\/apyma\/2021\/02\/08\/mil-gracias-mila-esker\/\" rel=\"bookmark\">Mil gracias &#8211; Mila esker<\/a><\/h2><div class=\"gb-block-post-grid-byline\"><time datetime=\"2021-02-08T11:54:48+01:00\" class=\"gb-block-post-grid-date\" itemprop=\"datePublished\">08\/02\/2021<\/time><\/div><\/header><div class=\"gb-block-post-grid-excerpt\"><p>Desde el colegio, la apyma y ANAS, el d\u00eda 5 de febrero se propuso una recogida de alimentos o productos de higiene para poder llevar al pueblo Saharaui. La recogida ha superado todas las expectativas. Nada menos que 6 carros enteros de compra. Ha sido un placer ver cu\u00e1nta solidaridad hay y ver c\u00f3mo en&hellip;<\/p>\n<p><a class=\"gb-block-post-grid-more-link gb-text-link\" href=\"https:\/\/cppuente.educacion.navarra.es\/web\/apyma\/2021\/02\/08\/mil-gracias-mila-esker\/\" rel=\"bookmark\">Seguir leyendo&#8230; <span class=\"screen-reader-text\">Mil gracias &#8211; Mila esker<\/span><\/a><\/p><\/div><\/div><\/article>\n<article id=\"post-785\" class=\"gb-post-grid-item post-785 post type-post status-publish format-standard has-post-thumbnail category-noticias tag-apyma-solidaria tag-recogida-de-alimentos tag-sahara entry\"><div class=\"gb-block-post-grid-image\"><a href=\"https:\/\/cppuente.educacion.navarra.es\/web\/apyma\/2021\/02\/01\/recogida-de-alimentos-para-los-refugiados-saharauis-saharako-errefuxiatentzak-janari-bilketa\/\" rel=\"bookmark\" aria-hidden=\"true\" tabindex=\"-1\"><img width=\"600\" height=\"280\" src=\"https:\/\/cppuente.educacion.navarra.es\/web\/apyma\/wp-content\/uploads\/sites\/11\/2021\/02\/campamentos_de_refugiados_saharauis-min-e1612204305608.jpg\" class=\"attachment-featured-image size-featured-image\" alt=\"\" loading=\"lazy\" srcset=\"https:\/\/cppuente.educacion.navarra.es\/web\/apyma\/wp-content\/uploads\/sites\/11\/2021\/02\/campamentos_de_refugiados_saharauis-min-e1612204305608.jpg 600w, https:\/\/cppuente.educacion.navarra.es\/web\/apyma\/wp-content\/uploads\/sites\/11\/2021\/02\/campamentos_de_refugiados_saharauis-min-e1612204305608-300x140.jpg 300w\" sizes=\"(max-width: 600px) 100vw, 600px\" \/><\/a><\/div><div class=\"gb-block-post-grid-text\"><header class=\"gb-block-post-grid-header\"><h2 class=\"gb-block-post-grid-title\"><a href=\"https:\/\/cppuente.educacion.navarra.es\/web\/apyma\/2021\/02\/01\/recogida-de-alimentos-para-los-refugiados-saharauis-saharako-errefuxiatentzak-janari-bilketa\/\" rel=\"bookmark\">Recogida de alimentos para los refugiados saharauis &#8211; Saharako errefuxiatentzak janari bilketa<\/a><\/h2><div class=\"gb-block-post-grid-byline\"><time datetime=\"2021-02-01T19:28:38+01:00\" class=\"gb-block-post-grid-date\" itemprop=\"datePublished\">01\/02\/2021<\/time><\/div><\/header><div class=\"gb-block-post-grid-excerpt\"><p>Desde ANAS (Asociaci\u00f3n Navarra Amigos del S\u00e1hara), se va a realizar una recogida de alimentos no perecederos y material higi\u00e9nico que se enviar\u00e1 en una caravana especial a los campamentos de refugiados saharauis. En estos momentos, con la situaci\u00f3n Covid y las fronteras cerradas, la ayuda humanitaria no est\u00e1 llegando a los campamentos. Esta situaci\u00f3n&hellip;<\/p>\n<p><a class=\"gb-block-post-grid-more-link gb-text-link\" href=\"https:\/\/cppuente.educacion.navarra.es\/web\/apyma\/2021\/02\/01\/recogida-de-alimentos-para-los-refugiados-saharauis-saharako-errefuxiatentzak-janari-bilketa\/\" rel=\"bookmark\">Seguir leyendo&#8230; <span class=\"screen-reader-text\">Recogida de alimentos para los refugiados saharauis &#8211; Saharako errefuxiatentzak janari bilketa<\/span><\/a><\/p><\/div><\/div><\/article>\n<article id=\"post-777\" class=\"gb-post-grid-item post-777 post type-post status-publish format-standard has-post-thumbnail category-aula-matinal category-noticias category-nuevos-socios-as tag-aula-matinal tag-nuevos-socios-as entry\"><div class=\"gb-block-post-grid-image\"><a href=\"https:\/\/cppuente.educacion.navarra.es\/web\/apyma\/2021\/01\/25\/acerca-del-aula-matinal-y-los-nuevos-socios-y-socias\/\" rel=\"bookmark\" aria-hidden=\"true\" tabindex=\"-1\"><img width=\"800\" height=\"400\" src=\"https:\/\/cppuente.educacion.navarra.es\/web\/apyma\/wp-content\/uploads\/sites\/11\/2021\/01\/eskola-2048x933-1-800x400.jpg\" class=\"attachment-featured-image size-featured-image\" alt=\"\" loading=\"lazy\" srcset=\"https:\/\/cppuente.educacion.navarra.es\/web\/apyma\/wp-content\/uploads\/sites\/11\/2021\/01\/eskola-2048x933-1-800x400.jpg 800w, https:\/\/cppuente.educacion.navarra.es\/web\/apyma\/wp-content\/uploads\/sites\/11\/2021\/01\/eskola-2048x933-1-1600x800.jpg 1600w\" sizes=\"(max-width: 800px) 100vw, 800px\" \/><\/a><\/div><div class=\"gb-block-post-grid-text\"><header class=\"gb-block-post-grid-header\"><h2 class=\"gb-block-post-grid-title\"><a href=\"https:\/\/cppuente.educacion.navarra.es\/web\/apyma\/2021\/01\/25\/acerca-del-aula-matinal-y-los-nuevos-socios-y-socias\/\" rel=\"bookmark\">Acerca del aula matinal y los nuevos socios y socias<\/a><\/h2><div class=\"gb-block-post-grid-byline\"><time datetime=\"2021-01-25T14:01:48+01:00\" class=\"gb-block-post-grid-date\" itemprop=\"datePublished\">25\/01\/2021<\/time><\/div><\/header><div class=\"gb-block-post-grid-excerpt\"><p>Ya est\u00e1n disponibles en la nueva web los formularios online para formar parte de nuestra Apyma y disfrutar de los servicios que ofrece. En la pesta\u00f1a aula matinal, est\u00e1 toda la informaci\u00f3n relativa a este servicio ofrecido por nuestra Apyma (horarios, tarifas, bonos,&#8230;); adem\u00e1s de un nuevo formulario para poder inscribir a tus hijos\/as de&hellip;<\/p>\n<p><a class=\"gb-block-post-grid-more-link gb-text-link\" href=\"https:\/\/cppuente.educacion.navarra.es\/web\/apyma\/2021\/01\/25\/acerca-del-aula-matinal-y-los-nuevos-socios-y-socias\/\" rel=\"bookmark\">Seguir leyendo&#8230; <span class=\"screen-reader-text\">Acerca del aula matinal y los nuevos socios y socias<\/span><\/a><\/p><\/div><\/div><\/article>\n<\/div><\/section>\n\n\n<div class=\"wp-block-genesis-blocks-gb-container gb-block-container alignfull\"><div class=\"gb-container-inside\"><div class=\"gb-container-content\">\n<div class=\"wp-container-1 wp-block-buttons aligncenter is-style-divider-button\">\n<div class=\"wp-block-button is-style-outline\"><a class=\"wp-block-button__link has-text-color\" style=\"color:#777777\">M\u00e1s noticias<\/a><\/div>\n<\/div>\n<\/div><\/div><\/div>\n\n\n\n<ul class=\"wp-container-2 wp-block-social-links aligncenter is-style-pill-shape\"><li class=\"wp-social-link wp-social-link-facebook wp-block-social-link\"><a href=\"https:\/\/www.facebook.com\/apyma.zabalzagain\" aria-label=\"Facebook: https:\/\/www.facebook.com\/apyma.zabalzagain\" rel=\"noopener nofollow\" target=\"_blank\" class=\"wp-block-social-link-anchor\"> <svg width=\"24\" height=\"24\" viewBox=\"0 0 24 24\" version=\"1.1\" xmlns=\"http:\/\/www.w3.org\/2000\/svg\" role=\"img\" aria-hidden=\"true\" focusable=\"false\"><path d=\"M12 2C6.5 2 2 6.5 2 12c0 5 3.7 9.1 8.4 9.9v-7H7.9V12h2.5V9.8c0-2.5 1.5-3.9 3.8-3.9 1.1 0 2.2.2 2.2.2v2.5h-1.3c-1.2 0-1.6.8-1.6 1.6V12h2.8l-.4 2.9h-2.3v7C18.3 21.1 22 17 22 12c0-5.5-4.5-10-10-10z\"><\/path><\/svg><\/a><\/li>\n\n<li class=\"wp-social-link wp-social-link-feed wp-block-social-link\"><a href=\"https:\/\/cppuente.educacion.navarra.es\/web\/apyma\/feed\/\" aria-label=\"RSS Feed: https:\/\/cppuente.educacion.navarra.es\/web\/apyma\/feed\/\" rel=\"noopener nofollow\" target=\"_blank\" class=\"wp-block-social-link-anchor\"> <svg width=\"24\" height=\"24\" viewBox=\"0 0 24 24\" version=\"1.1\" xmlns=\"http:\/\/www.w3.org\/2000\/svg\" role=\"img\" aria-hidden=\"true\" focusable=\"false\"><path d=\"M2,8.667V12c5.515,0,10,4.485,10,10h3.333C15.333,14.637,9.363,8.667,2,8.667z M2,2v3.333 c9.19,0,16.667,7.477,16.667,16.667H22C22,10.955,13.045,2,2,2z M4.5,17C3.118,17,2,18.12,2,19.5S3.118,22,4.5,22S7,20.88,7,19.5 S5.882,17,4.5,17z\"><\/path><\/svg><\/a><\/li><\/ul>\n\n\n\n<figure class=\"wp-block-image alignfull size-large\"><img loading=\"lazy\" width=\"1024\" height=\"213\" src=\"https:\/\/cppuente.educacion.navarra.es\/web\/apyma\/wp-content\/uploads\/sites\/11\/2021\/01\/La-apyma-4-1024x213.png\" alt=\"\" class=\"wp-image-774\" srcset=\"https:\/\/cppuente.educacion.navarra.es\/web\/apyma\/wp-content\/uploads\/sites\/11\/2021\/01\/La-apyma-4-1024x213.png 1024w, https:\/\/cppuente.educacion.navarra.es\/web\/apyma\/wp-content\/uploads\/sites\/11\/2021\/01\/La-apyma-4-300x63.png 300w, https:\/\/cppuente.educacion.navarra.es\/web\/apyma\/wp-content\/uploads\/sites\/11\/2021\/01\/La-apyma-4-768x160.png 768w, https:\/\/cppuente.educacion.navarra.es\/web\/apyma\/wp-content\/uploads\/sites\/11\/2021\/01\/La-apyma-4-1536x320.png 1536w, https:\/\/cppuente.educacion.navarra.es\/web\/apyma\/wp-content\/uploads\/sites\/11\/2021\/01\/La-apyma-4-2048x427.png 2048w\" sizes=\"(max-width: 1024px) 100vw, 1024px\" \/><\/figure>\n","protected":false},"excerpt":{"rendered":"","protected":false},"author":893,"featured_media":0,"parent":0,"menu_order":0,"comment_status":"closed","ping_status":"closed","template":"page-templates\/blocks.php","meta":{"_genesis_hide_title":false,"_genesis_hide_breadcrumbs":false,"_genesis_hide_singular_image":false,"_genesis_hide_footer_widgets":false,"_genesis_custom_body_class":"","_genesis_custom_post_class":"","_genesis_layout":""},"featured_image_src":null,"featured_image_src_square":null,"_links":{"self":[{"href":"https:\/\/cppuente.educacion.navarra.es\/web\/apyma\/wp-json\/wp\/v2\/pages\/731"}],"collection":[{"href":"https:\/\/cppuente.educacion.navarra.es\/web\/apyma\/wp-json\/wp\/v2\/pages"}],"about":[{"href":"https:\/\/cppuente.educacion.navarra.es\/web\/apyma\/wp-json\/wp\/v2\/types\/page"}],"author":[{"embeddable":true,"href":"https:\/\/cppuente.educacion.navarra.es\/web\/apyma\/wp-json\/wp\/v2\/users\/893"}],"replies":[{"embeddable":true,"href":"https:\/\/cppuente.educacion.navarra.es\/web\/apyma\/wp-json\/wp\/v2\/comments?post=731"}],"version-history":[{"count":9,"href":"https:\/\/cppuente.educacion.navarra.es\/web\/apyma\/wp-json\/wp\/v2\/pages\/731\/revisions"}],"predecessor-version":[{"id":791,"href":"https:\/\/cppuente.educacion.navarra.es\/web\/apyma\/wp-json\/wp\/v2\/pages\/731\/revisions\/791"}],"wp:attachment":[{"href":"https:\/\/cppuente.educacion.navarra.es\/web\/apyma\/wp-json\/wp\/v2\/media?parent=731"}],"curies":[{"name":"wp","href":"https:\/\/api.w.org\/{rel}","templated":true}]}}

<section class="gb-block-post-grid featuredpost alignfull margin-overlay"><div class="gb-post-grid-items is-list"><article id="post-799" class="gb-post-grid-item post-799 post type-post status-publish format-standard has-post-thumbnail category-noticias category-recursos tag-educacion-infantil tag-proyectores entry"><div class="gb-block-post-grid-image"><a href="https://cppuente.educacion.navarra.es/web/apyma/2021/03/12/nuevos-proyectores-para-el-colegio/" rel="bookmark" aria-hidden="true" tabindex="-1"><img width="800" height="400" src="https://cppuente.educacion.navarra.es/web/apyma/wp-content/uploads/sites/11/2021/03/IMG_20210312_1104492-800x400.jpg" class="attachment-featured-image size-featured-image" alt="" loading="lazy" srcset="https://cppuente.educacion.navarra.es/web/apyma/wp-content/uploads/sites/11/2021/03/IMG_20210312_1104492-800x400.jpg 800w, https://cppuente.educacion.navarra.es/web/apyma/wp-content/uploads/sites/11/2021/03/IMG_20210312_1104492-1600x800.jpg 1600w" sizes="(max-width: 800px) 100vw, 800px" /></a></div><div class="gb-block-post-grid-text"><header class="gb-block-post-grid-header"><h2 class="gb-block-post-grid-title"><a href="https://cppuente.educacion.navarra.es/web/apyma/2021/03/12/nuevos-proyectores-para-el-colegio/" rel="bookmark">Nuevos proyectores para el colegio</a></h2><div class="gb-block-post-grid-byline"><time datetime="2021-03-12T11:31:25+01:00" class="gb-block-post-grid-date" itemprop="datePublished">12/03/2021</time></div></header><div class="gb-block-post-grid-excerpt"><p>Nuestros alumnos y alumnas de Educación Infantil ya disfrutan de nuevos proyectores para sus aulas. Este recurso educativo ha sido adquirido gracias al esfuerzo de nuestra Apyma y todos y todas las familias que la componen. De esta manera, todas las aulas de Educación Infantil de nuestro colegio ya cuentan con este recurso tan útil.</p>
<p><a class="gb-block-post-grid-more-link gb-text-link" href="https://cppuente.educacion.navarra.es/web/apyma/2021/03/12/nuevos-proyectores-para-el-colegio/" rel="bookmark">Seguir leyendo&#8230; <span class="screen-reader-text">Nuevos proyectores para el colegio</span></a></p></div></div></article>
<article id="post-792" class="gb-post-grid-item post-792 post type-post status-publish format-standard has-post-thumbnail category-acciones-solidarias category-noticias tag-apyma-solidaria tag-recogida-de-alimentos tag-sahara entry"><div class="gb-block-post-grid-image"><a href="https://cppuente.educacion.navarra.es/web/apyma/2021/02/08/mil-gracias-mila-esker/" rel="bookmark" aria-hidden="true" tabindex="-1"><img width="640" height="400" src="https://cppuente.educacion.navarra.es/web/apyma/wp-content/uploads/sites/11/2021/02/image5-640x400.jpeg" class="attachment-featured-image size-featured-image" alt="" loading="lazy" /></a></div><div class="gb-block-post-grid-text"><header class="gb-block-post-grid-header"><h2 class="gb-block-post-grid-title"><a href="https://cppuente.educacion.navarra.es/web/apyma/2021/02/08/mil-gracias-mila-esker/" rel="bookmark">Mil gracias &#8211; Mila esker</a></h2><div class="gb-block-post-grid-byline"><time datetime="2021-02-08T11:54:48+01:00" class="gb-block-post-grid-date" itemprop="datePublished">08/02/2021</time></div></header><div class="gb-block-post-grid-excerpt"><p>Desde el colegio, la apyma y ANAS, el día 5 de febrero se propuso una recogida de alimentos o productos de higiene para poder llevar al pueblo Saharaui. La recogida ha superado todas las expectativas. Nada menos que 6 carros enteros de compra. Ha sido un placer ver cuánta solidaridad hay y ver cómo en&hellip;</p>
<p><a class="gb-block-post-grid-more-link gb-text-link" href="https://cppuente.educacion.navarra.es/web/apyma/2021/02/08/mil-gracias-mila-esker/" rel="bookmark">Seguir leyendo&#8230; <span class="screen-reader-text">Mil gracias &#8211; Mila esker</span></a></p></div></div></article>
<article id="post-785" class="gb-post-grid-item post-785 post type-post status-publish format-standard has-post-thumbnail category-noticias tag-apyma-solidaria tag-recogida-de-alimentos tag-sahara entry"><div class="gb-block-post-grid-image"><a href="https://cppuente.educacion.navarra.es/web/apyma/2021/02/01/recogida-de-alimentos-para-los-refugiados-saharauis-saharako-errefuxiatentzak-janari-bilketa/" rel="bookmark" aria-hidden="true" tabindex="-1"><img width="600" height="280" src="https://cppuente.educacion.navarra.es/web/apyma/wp-content/uploads/sites/11/2021/02/campamentos_de_refugiados_saharauis-min-e1612204305608.jpg" class="attachment-featured-image size-featured-image" alt="" loading="lazy" srcset="https://cppuente.educacion.navarra.es/web/apyma/wp-content/uploads/sites/11/2021/02/campamentos_de_refugiados_saharauis-min-e1612204305608.jpg 600w, https://cppuente.educacion.navarra.es/web/apyma/wp-content/uploads/sites/11/2021/02/campamentos_de_refugiados_saharauis-min-e1612204305608-300x140.jpg 300w" sizes="(max-width: 600px) 100vw, 600px" /></a></div><div class="gb-block-post-grid-text"><header class="gb-block-post-grid-header"><h2 class="gb-block-post-grid-title"><a href="https://cppuente.educacion.navarra.es/web/apyma/2021/02/01/recogida-de-alimentos-para-los-refugiados-saharauis-saharako-errefuxiatentzak-janari-bilketa/" rel="bookmark">Recogida de alimentos para los refugiados saharauis &#8211; Saharako errefuxiatentzak janari bilketa</a></h2><div class="gb-block-post-grid-byline"><time datetime="2021-02-01T19:28:38+01:00" class="gb-block-post-grid-date" itemprop="datePublished">01/02/2021</time></div></header><div class="gb-block-post-grid-excerpt"><p>Desde ANAS (Asociación Navarra Amigos del Sáhara), se va a realizar una recogida de alimentos no perecederos y material higiénico que se enviará en una caravana especial a los campamentos de refugiados saharauis. En estos momentos, con la situación Covid y las fronteras cerradas, la ayuda humanitaria no está llegando a los campamentos. Esta situación&hellip;</p>
<p><a class="gb-block-post-grid-more-link gb-text-link" href="https://cppuente.educacion.navarra.es/web/apyma/2021/02/01/recogida-de-alimentos-para-los-refugiados-saharauis-saharako-errefuxiatentzak-janari-bilketa/" rel="bookmark">Seguir leyendo&#8230; <span class="screen-reader-text">Recogida de alimentos para los refugiados saharauis &#8211; Saharako errefuxiatentzak janari bilketa</span></a></p></div></div></article>
<article id="post-777" class="gb-post-grid-item post-777 post type-post status-publish format-standard has-post-thumbnail category-aula-matinal category-noticias category-nuevos-socios-as tag-aula-matinal tag-nuevos-socios-as entry"><div class="gb-block-post-grid-image"><a href="https://cppuente.educacion.navarra.es/web/apyma/2021/01/25/acerca-del-aula-matinal-y-los-nuevos-socios-y-socias/" rel="bookmark" aria-hidden="true" tabindex="-1"><img width="800" height="400" src="https://cppuente.educacion.navarra.es/web/apyma/wp-content/uploads/sites/11/2021/01/eskola-2048x933-1-800x400.jpg" class="attachment-featured-image size-featured-image" alt="" loading="lazy" srcset="https://cppuente.educacion.navarra.es/web/apyma/wp-content/uploads/sites/11/2021/01/eskola-2048x933-1-800x400.jpg 800w, https://cppuente.educacion.navarra.es/web/apyma/wp-content/uploads/sites/11/2021/01/eskola-2048x933-1-1600x800.jpg 1600w" sizes="(max-width: 800px) 100vw, 800px" /></a></div><div class="gb-block-post-grid-text"><header class="gb-block-post-grid-header"><h2 class="gb-block-post-grid-title"><a href="https://cppuente.educacion.navarra.es/web/apyma/2021/01/25/acerca-del-aula-matinal-y-los-nuevos-socios-y-socias/" rel="bookmark">Acerca del aula matinal y los nuevos socios y socias</a></h2><div class="gb-block-post-grid-byline"><time datetime="2021-01-25T14:01:48+01:00" class="gb-block-post-grid-date" itemprop="datePublished">25/01/2021</time></div></header><div class="gb-block-post-grid-excerpt"><p>Ya están disponibles en la nueva web los formularios online para formar parte de nuestra Apyma y disfrutar de los servicios que ofrece. En la pestaña aula matinal, está toda la información relativa a este servicio ofrecido por nuestra Apyma (horarios, tarifas, bonos,&#8230;); además de un nuevo formulario para poder inscribir a tus hijos/as de&hellip;</p>
<p><a class="gb-block-post-grid-more-link gb-text-link" href="https://cppuente.educacion.navarra.es/web/apyma/2021/01/25/acerca-del-aula-matinal-y-los-nuevos-socios-y-socias/" rel="bookmark">Seguir leyendo&#8230; <span class="screen-reader-text">Acerca del aula matinal y los nuevos socios y socias</span></a></p></div></div></article>
</div></section>


<div class="wp-block-genesis-blocks-gb-container gb-block-container alignfull"><div class="gb-container-inside"><div class="gb-container-content">
<div class="wp-container-1 wp-block-buttons aligncenter is-style-divider-button">
<div class="wp-block-button is-style-outline"><a class="wp-block-button__link has-text-color" style="color:#777777">Más noticias</a></div>
</div>
</div></div></div>



<ul class="wp-container-2 wp-block-social-links aligncenter is-style-pill-shape"><li class="wp-social-link wp-social-link-facebook wp-block-social-link"><a href="https://www.facebook.com/apyma.zabalzagain" aria-label="Facebook: https://www.facebook.com/apyma.zabalzagain" rel="noopener nofollow" target="_blank" class="wp-block-social-link-anchor"> <svg width="24" height="24" viewBox="0 0 24 24" version="1.1" xmlns="http://www.w3.org/2000/svg" role="img" aria-hidden="true" focusable="false"><path d="M12 2C6.5 2 2 6.5 2 12c0 5 3.7 9.1 8.4 9.9v-7H7.9V12h2.5V9.8c0-2.5 1.5-3.9 3.8-3.9 1.1 0 2.2.2 2.2.2v2.5h-1.3c-1.2 0-1.6.8-1.6 1.6V12h2.8l-.4 2.9h-2.3v7C18.3 21.1 22 17 22 12c0-5.5-4.5-10-10-10z"></path></svg></a></li>

<li class="wp-social-link wp-social-link-feed wp-block-social-link"><a href="https://cppuente.educacion.navarra.es/web/apyma/feed/" aria-label="RSS Feed: https://cppuente.educacion.navarra.es/web/apyma/feed/" rel="noopener nofollow" target="_blank" class="wp-block-social-link-anchor"> <svg width="24" height="24" viewBox="0 0 24 24" version="1.1" xmlns="http://www.w3.org/2000/svg" role="img" aria-hidden="true" focusable="false"><path d="M2,8.667V12c5.515,0,10,4.485,10,10h3.333C15.333,14.637,9.363,8.667,2,8.667z M2,2v3.333 c9.19,0,16.667,7.477,16.667,16.667H22C22,10.955,13.045,2,2,2z M4.5,17C3.118,17,2,18.12,2,19.5S3.118,22,4.5,22S7,20.88,7,19.5 S5.882,17,4.5,17z"></path></svg></a></li></ul>



<figure class="wp-block-image alignfull size-large"><img loading="lazy" width="1024" height="213" src="https://cppuente.educacion.navarra.es/web/apyma/wp-content/uploads/sites/11/2021/01/La-apyma-4-1024x213.png" alt="" class="wp-image-774" srcset="https://cppuente.educacion.navarra.es/web/apyma/wp-content/uploads/sites/11/2021/01/La-apyma-4-1024x213.png 1024w, https://cppuente.educacion.navarra.es/web/apyma/wp-content/uploads/sites/11/2021/01/La-apyma-4-300x63.png 300w, https://cppuente.educacion.navarra.es/web/apyma/wp-content/uploads/sites/11/2021/01/La-apyma-4-768x160.png 768w, https://cppuente.educacion.navarra.es/web/apyma/wp-content/uploads/sites/11/2021/01/La-apyma-4-1536x320.png 1536w, https://cppuente.educacion.navarra.es/web/apyma/wp-content/uploads/sites/11/2021/01/La-apyma-4-2048x427.png 2048w" sizes="(max-width: 1024px) 100vw, 1024px" /></figure>
