{"id":17,"date":"2013-10-22T11:26:56","date_gmt":"2013-10-22T11:26:56","guid":{"rendered":"http:\/\/cppuente.educacion.navarra.es\/web\/ideas\/?page_id=17"},"modified":"2014-01-14T12:15:20","modified_gmt":"2014-01-14T12:15:20","slug":"celebraciones-escolares","status":"publish","type":"page","link":"https:\/\/cppuente.educacion.navarra.es\/web\/ideas\/celebraciones-escolares\/","title":{"rendered":"Celebraciones escolares"},"content":{"rendered":"<p>El pr\u00f3ximo 22 de noviembre el colegio celebrar\u00e1 la festividad de Santa Cecilia. Los ni\u00f1os preparar\u00e1n unas peque\u00f1as actuaciones musicales para que podamos disfrutar de esta bonita fiesta.<\/p>\n","protected":false},"excerpt":{"rendered":"<p>El pr\u00f3ximo 22 de noviembre el colegio celebrar\u00e1 la festividad de Santa Cecilia. Los ni\u00f1os preparar\u00e1n unas peque\u00f1as actuaciones musicales para que podamos disfrutar de esta bonita fiesta.<\/p>\n","protected":false},"author":54,"featured_media":0,"parent":0,"menu_order":0,"comment_status":"open","ping_status":"closed","template":"","meta":[],"_links":{"self":[{"href":"https:\/\/cppuente.educacion.navarra.es\/web\/ideas\/wp-json\/wp\/v2\/pages\/17"}],"collection":[{"href":"https:\/\/cppuente.educacion.navarra.es\/web\/ideas\/wp-json\/wp\/v2\/pages"}],"about":[{"href":"https:\/\/cppuente.educacion.navarra.es\/web\/ideas\/wp-json\/wp\/v2\/types\/page"}],"author":[{"embeddable":true,"href":"https:\/\/cppuente.educacion.navarra.es\/web\/ideas\/wp-json\/wp\/v2\/users\/54"}],"replies":[{"embeddable":true,"href":"https:\/\/cppuente.educacion.navarra.es\/web\/ideas\/wp-json\/wp\/v2\/comments?post=17"}],"version-history":[{"count":2,"href":"https:\/\/cppuente.educacion.navarra.es\/web\/ideas\/wp-json\/wp\/v2\/pages\/17\/revisions"}],"predecessor-version":[{"id":96,"href":"https:\/\/cppuente.educacion.navarra.es\/web\/ideas\/wp-json\/wp\/v2\/pages\/17\/revisions\/96"}],"wp:attachment":[{"href":"https:\/\/cppuente.educacion.navarra.es\/web\/ideas\/wp-json\/wp\/v2\/media?parent=17"}],"curies":[{"name":"wp","href":"https:\/\/api.w.org\/{rel}","templated":true}]}}