{"id":136,"date":"2014-02-04T13:46:19","date_gmt":"2014-02-04T12:46:19","guid":{"rendered":"http:\/\/cppuente.educacion.navarra.es\/web\/letrasynumeros\/?page_id=136"},"modified":"2014-02-04T13:47:53","modified_gmt":"2014-02-04T12:47:53","slug":"quienes-somos-2","status":"publish","type":"page","link":"https:\/\/cppuente.educacion.navarra.es\/web\/letrasynumeros\/quienes-somos-2\/","title":{"rendered":"Quienes somos"},"content":{"rendered":"<p>Somos el grupo de profesores del primer ciclo del Colegio Puente la Reina-Gares:<\/p>\n<p>Conchi Diez de Ulzurrun(Tutora 1\u00baEP modelo A\/G), Esther San Mart\u00edn(Tutora 2\u00baEP modelo A\/G), Ergi\u00f1a Lujanbio(Tutora 1\u00baEP modelo D), Borja Arrieta(Tutora 2\u00baEP modelo D) y Marta Erdoz\u00e1in(Especialista de Educaci\u00f3n F\u00edsica).<\/p>\n<p>Nuestro objetivo es dar a conocer algunas actividades que realizaremos el presente curso.<\/p>\n","protected":false},"excerpt":{"rendered":"<p>Somos el grupo de profesores del primer ciclo del Colegio Puente la Reina-Gares: Conchi Diez de Ulzurrun(Tutora 1\u00baEP modelo A\/G), Esther San Mart\u00edn(Tutora 2\u00baEP modelo A\/G), Ergi\u00f1a Lujanbio(Tutora 1\u00baEP modelo D), Borja Arrieta(Tutora 2\u00baEP modelo D) y Marta Erdoz\u00e1in(Especialista de &hellip; <a href=\"https:\/\/cppuente.educacion.navarra.es\/web\/letrasynumeros\/quienes-somos-2\/\">Sigue leyendo <span class=\"meta-nav\">&rarr;<\/span><\/a><\/p>\n","protected":false},"author":30,"featured_media":0,"parent":0,"menu_order":0,"comment_status":"closed","ping_status":"closed","template":"","meta":[],"_links":{"self":[{"href":"https:\/\/cppuente.educacion.navarra.es\/web\/letrasynumeros\/wp-json\/wp\/v2\/pages\/136"}],"collection":[{"href":"https:\/\/cppuente.educacion.navarra.es\/web\/letrasynumeros\/wp-json\/wp\/v2\/pages"}],"about":[{"href":"https:\/\/cppuente.educacion.navarra.es\/web\/letrasynumeros\/wp-json\/wp\/v2\/types\/page"}],"author":[{"embeddable":true,"href":"https:\/\/cppuente.educacion.navarra.es\/web\/letrasynumeros\/wp-json\/wp\/v2\/users\/30"}],"replies":[{"embeddable":true,"href":"https:\/\/cppuente.educacion.navarra.es\/web\/letrasynumeros\/wp-json\/wp\/v2\/comments?post=136"}],"version-history":[{"count":2,"href":"https:\/\/cppuente.educacion.navarra.es\/web\/letrasynumeros\/wp-json\/wp\/v2\/pages\/136\/revisions"}],"predecessor-version":[{"id":138,"href":"https:\/\/cppuente.educacion.navarra.es\/web\/letrasynumeros\/wp-json\/wp\/v2\/pages\/136\/revisions\/138"}],"wp:attachment":[{"href":"https:\/\/cppuente.educacion.navarra.es\/web\/letrasynumeros\/wp-json\/wp\/v2\/media?parent=136"}],"curies":[{"name":"wp","href":"https:\/\/api.w.org\/{rel}","templated":true}]}}