{"id":97,"date":"2013-09-14T16:21:11","date_gmt":"2013-09-14T14:21:11","guid":{"rendered":"http:\/\/cppuente.educacion.navarra.es\/web\/?page_id=97"},"modified":"2024-08-27T12:02:32","modified_gmt":"2024-08-27T10:02:32","slug":"transporte","status":"publish","type":"page","link":"https:\/\/cppuente.educacion.navarra.es\/web\/servicios-complementarios\/transporte\/","title":{"rendered":"Transporte Escolar"},"content":{"rendered":"\n<div class=\"wp-block-cover is-light gb-block-cta\" style=\"padding-top:2%;min-height:13em\"><span aria-hidden=\"true\" class=\"wp-block-cover__gradient-background has-background-dim\" style=\"background-color:#f2f2f2\"><\/span><img loading=\"lazy\" width=\"688\" height=\"371\" class=\"wp-block-cover__image-background wp-image-11172\" alt=\"\" src=\"https:\/\/cppuente.educacion.navarra.es\/web\/wp-content\/uploads\/2024\/08\/TRANSPORTE-Y-COMEDOR-1.png\" data-object-fit=\"cover\" srcset=\"https:\/\/cppuente.educacion.navarra.es\/web\/wp-content\/uploads\/2024\/08\/TRANSPORTE-Y-COMEDOR-1.png 688w, https:\/\/cppuente.educacion.navarra.es\/web\/wp-content\/uploads\/2024\/08\/TRANSPORTE-Y-COMEDOR-1-300x162.png 300w\" sizes=\"(max-width: 688px) 100vw, 688px\" \/><div class=\"wp-block-cover__inner-container\">\n<h2 class=\"has-text-align-center\" style=\"font-size:32px;line-height:1\"><mark style=\"background-color:#fbfbfb;color:#0368af\" class=\"has-inline-color\"><strong>COMUNICACI\u00d3N DE INCIDENCIAS<\/strong><\/mark><\/h2>\n\n\n\n<p class=\"has-text-align-center\" style=\"line-height:1\"><mark style=\"background-color:#f8f8f8;color:#035fc0\" class=\"has-inline-color\"><strong>CLICA EN EL BOT\u00d3N PARA COMUNICAR UNA INCIDENCIA DE COMEDOR Y\/O TRANSPORTE<\/strong><\/mark><\/p>\n\n\n\n<div class=\"wp-container-1 wp-block-buttons\">\n<div class=\"wp-block-button has-custom-font-size gb-block-button\" style=\"font-size:20px;line-height:1.2\"><a class=\"wp-block-button__link has-text-color has-background\" href=\"https:\/\/cppuente.educacion.navarra.es\/web\/comunicacion-ausencias\/\" style=\"border-radius:5px;background-color:#3373dc;color:#ffffff;padding-top:10px;padding-right:1em;padding-bottom:10px;padding-left:1em\">COMUNICAR INCIDENCIA<\/a><\/div>\n<\/div>\n<\/div><\/div>\n\n\n\n<h3 class=\"has-theme-primary-color has-text-color\"><strong><u>TRANSPORTE 2020\/2021<\/u><\/strong><\/h3>\n\n\n\n<p class=\"has-text-align-center\"><strong><u>RUTA: LEGARDA \u2013 UTERGA \u2013 MURUZABAL-OBANOS<\/u><\/strong><\/p>\n\n\n\n<p class=\"has-text-align-center\">Cuidadora: LUISA<\/p>\n\n\n\n<p class=\"has-text-align-center\">Empresa: CONDA &#8211; TAFALLESA<\/p>\n\n\n\n<div style=\"height:20px\" aria-hidden=\"true\" class=\"wp-block-spacer\"><\/div>\n\n\n\n<div class=\"wp-block-cover\" style=\"min-height:50px\"><span aria-hidden=\"true\" class=\"has-background-dim-60 wp-block-cover__gradient-background has-background-dim\"><\/span><img loading=\"lazy\" width=\"2400\" height=\"1600\" class=\"wp-block-cover__image-background wp-image-6655\" src=\"https:\/\/cppuente.educacion.navarra.es\/web\/wp-content\/uploads\/2019\/12\/FormatFactoryniko-lienata-C-zgN_LEKb8-unsplash.jpg\" data-object-fit=\"cover\" srcset=\"https:\/\/cppuente.educacion.navarra.es\/web\/wp-content\/uploads\/2019\/12\/FormatFactoryniko-lienata-C-zgN_LEKb8-unsplash.jpg 2400w, https:\/\/cppuente.educacion.navarra.es\/web\/wp-content\/uploads\/2019\/12\/FormatFactoryniko-lienata-C-zgN_LEKb8-unsplash-300x200.jpg 300w, https:\/\/cppuente.educacion.navarra.es\/web\/wp-content\/uploads\/2019\/12\/FormatFactoryniko-lienata-C-zgN_LEKb8-unsplash-1024x683.jpg 1024w, https:\/\/cppuente.educacion.navarra.es\/web\/wp-content\/uploads\/2019\/12\/FormatFactoryniko-lienata-C-zgN_LEKb8-unsplash-768x512.jpg 768w, https:\/\/cppuente.educacion.navarra.es\/web\/wp-content\/uploads\/2019\/12\/FormatFactoryniko-lienata-C-zgN_LEKb8-unsplash-1536x1024.jpg 1536w, https:\/\/cppuente.educacion.navarra.es\/web\/wp-content\/uploads\/2019\/12\/FormatFactoryniko-lienata-C-zgN_LEKb8-unsplash-2048x1365.jpg 2048w, https:\/\/cppuente.educacion.navarra.es\/web\/wp-content\/uploads\/2019\/12\/FormatFactoryniko-lienata-C-zgN_LEKb8-unsplash-600x400.jpg 600w\" sizes=\"(max-width: 2400px) 100vw, 2400px\" \/><div class=\"wp-block-cover__inner-container\">\n<p class=\"has-text-align-center\"><strong>RUTA: ZIRAUKI \u2013 MA\u00d1ERU<\/strong><\/p>\n\n\n\n<p class=\"has-text-align-center has-normal-font-size\">Cuidadora Cirauqui: Joana Rodr\u00edguez<\/p>\n\n\n\n<p class=\"has-text-align-center\">Cuidadora Ma\u00f1eru: Aura<\/p>\n\n\n\n<p class=\"has-text-align-center\">Empresa Cirauqui y parte Ma\u00f1eru : FONSECA<\/p>\n\n\n\n<p class=\"has-text-align-center\">Empresa Ma\u00f1eru : CONDA \u2013 TAFALLESA<\/p>\n<\/div><\/div>\n\n\n\n<div style=\"height:20px\" aria-hidden=\"true\" class=\"wp-block-spacer\"><\/div>\n\n\n\n<p class=\"has-text-align-center\"><strong><u>RUTA: ADI\u00d3S \u2013 A\u00d1ORBE \u2013 \u00daCAR \u2013 ENERIZ<\/u><\/strong><\/p>\n\n\n\n<p class=\"has-text-align-center\">Cuidadora: Judith Armend\u00e1riz<\/p>\n\n\n\n<p class=\"has-text-align-center\">Empresa: TAFALLESA<\/p>\n\n\n\n<div style=\"height:20px\" aria-hidden=\"true\" class=\"wp-block-spacer\"><\/div>\n\n\n\n<div class=\"wp-block-cover is-light\" style=\"min-height:50px\"><span aria-hidden=\"true\" class=\"wp-block-cover__gradient-background has-background-dim\"><\/span><img loading=\"lazy\" width=\"1600\" height=\"800\" class=\"wp-block-cover__image-background wp-image-6360\" src=\"https:\/\/cppuente.educacion.navarra.es\/web\/wp-content\/uploads\/2019\/10\/portada1a.jpg\" data-object-fit=\"cover\" srcset=\"https:\/\/cppuente.educacion.navarra.es\/web\/wp-content\/uploads\/2019\/10\/portada1a.jpg 1600w, https:\/\/cppuente.educacion.navarra.es\/web\/wp-content\/uploads\/2019\/10\/portada1a-300x150.jpg 300w, https:\/\/cppuente.educacion.navarra.es\/web\/wp-content\/uploads\/2019\/10\/portada1a-768x384.jpg 768w, https:\/\/cppuente.educacion.navarra.es\/web\/wp-content\/uploads\/2019\/10\/portada1a-1024x512.jpg 1024w\" sizes=\"(max-width: 1600px) 100vw, 1600px\" \/><div class=\"wp-block-cover__inner-container\">\n<p class=\"has-text-align-center has-normal-font-size\"><strong><u>RUTA: LARRAGA \u2013 ARTAJONA &#8211; MENDIGORRIA<\/u><\/strong><\/p>\n\n\n\n<p class=\"has-text-align-center\">Cuidadora: F\u00e1tima Rodr\u00edguez<\/p>\n\n\n\n<p class=\"has-text-align-center\">Empresa: Conda &#8211; Alsa<\/p>\n<\/div><\/div>\n\n\n\n<div style=\"height:20px\" aria-hidden=\"true\" class=\"wp-block-spacer\"><\/div>\n\n\n\n<p class=\"has-text-align-center\"><strong><u>RUTA: LARRAGA \u2013 ARTAJONA &#8211; MENDIGORRIA<\/u><\/strong><\/p>\n\n\n\n<p class=\"has-text-align-center\">Cuidadora: F\u00e1tima Rodr\u00edguez<\/p>\n\n\n\n<p class=\"has-text-align-center\">Empresa: Conda &#8211; Alsa<\/p>\n\n\n\n<div style=\"height:20px\" aria-hidden=\"true\" class=\"wp-block-spacer\"><\/div>\n\n\n\n<p class=\"has-text-align-center has-background\" style=\"background-color:#cccccc\"><strong><u>RUTA: ARTAZU \u2013 GUIRGUILLANO \u2013 ECHARREN DE GUIRGUILLANO<\/u><\/strong><br>Taxi: M\u00aa Carmen Erro<\/p>\n\n\n\n<p class=\"has-text-align-center\"><strong><u>RUTA: ARTAZU <\/u><\/strong><br>Taxi: Antonio Rodr\u00edguez<\/p>\n\n\n\n<p class=\"has-text-align-center has-background\" style=\"background-color:#cccccc\"><strong><u>RUTA: SE\u00d1OR\u00cdO DE SARR\u00cdA<\/u><\/strong><br>Taxi: Sergio Equisoain<\/p>\n\n\n\n<hr class=\"wp-block-separator\"\/>\n\n\n\n<h3 class=\"has-theme-primary-color has-text-color\">\u00daltimas noticias del servicio de transporte<\/h3>\n\n\n<section class=\"gb-block-post-grid featuredpost alignwide\"><div class=\"gb-post-grid-items is-list\"><article id=\"post-11161\" class=\"gb-post-grid-item post-11161 post type-post status-publish format-standard has-post-thumbnail category-comedor category-servicios category-tablon category-transporte entry\"><div class=\"gb-block-post-grid-image\"><a href=\"https:\/\/cppuente.educacion.navarra.es\/web\/blog\/2026\/02\/25\/incidencias-comedor-y-transporte\/\" rel=\"bookmark\" aria-hidden=\"true\" tabindex=\"-1\"><img width=\"300\" height=\"300\" src=\"https:\/\/cppuente.educacion.navarra.es\/web\/wp-content\/uploads\/2022\/06\/cropped-LOGO-SIN-FONDO-300x300.png\" class=\"attachment-medium size-medium\" alt=\"\" loading=\"lazy\" srcset=\"https:\/\/cppuente.educacion.navarra.es\/web\/wp-content\/uploads\/2022\/06\/cropped-LOGO-SIN-FONDO-300x300.png 300w, https:\/\/cppuente.educacion.navarra.es\/web\/wp-content\/uploads\/2022\/06\/cropped-LOGO-SIN-FONDO-150x150.png 150w, https:\/\/cppuente.educacion.navarra.es\/web\/wp-content\/uploads\/2022\/06\/cropped-LOGO-SIN-FONDO-270x270.png 270w, https:\/\/cppuente.educacion.navarra.es\/web\/wp-content\/uploads\/2022\/06\/cropped-LOGO-SIN-FONDO-192x192.png 192w, https:\/\/cppuente.educacion.navarra.es\/web\/wp-content\/uploads\/2022\/06\/cropped-LOGO-SIN-FONDO-180x180.png 180w, https:\/\/cppuente.educacion.navarra.es\/web\/wp-content\/uploads\/2022\/06\/cropped-LOGO-SIN-FONDO-32x32.png 32w, https:\/\/cppuente.educacion.navarra.es\/web\/wp-content\/uploads\/2022\/06\/cropped-LOGO-SIN-FONDO.png 512w\" sizes=\"(max-width: 300px) 100vw, 300px\" \/><\/a><\/div><div class=\"gb-block-post-grid-text\"><header class=\"gb-block-post-grid-header\"><h3 class=\"gb-block-post-grid-title\"><a href=\"https:\/\/cppuente.educacion.navarra.es\/web\/blog\/2026\/02\/25\/incidencias-comedor-y-transporte\/\" rel=\"bookmark\">INCIDENCIAS COMEDOR Y TRANSPORTE<\/a><\/h3><div class=\"gb-block-post-grid-byline\"><time datetime=\"2026-02-25T15:29:56+01:00\" class=\"gb-block-post-grid-date\" itemprop=\"datePublished\">25\/02\/2026<\/time><\/div><\/header><div class=\"gb-block-post-grid-excerpt\"><p>CLICA AQU\u00cd PARA COMUNICAR UNA INCIDENCIA<\/p>\n<p><a class=\"gb-block-post-grid-more-link gb-text-link\" href=\"https:\/\/cppuente.educacion.navarra.es\/web\/blog\/2026\/02\/25\/incidencias-comedor-y-transporte\/\" rel=\"bookmark\">&gt;&gt;&gt; <span class=\"screen-reader-text\">INCIDENCIAS COMEDOR Y TRANSPORTE<\/span><\/a><\/p><\/div><\/div><\/article>\n<article id=\"post-5896\" class=\"gb-post-grid-item post-5896 post type-post status-publish format-standard category-actividades-del-centro category-infantil category-primaria category-ingles category-noticias category-transporte entry\"><div class=\"gb-block-post-grid-text\"><header class=\"gb-block-post-grid-header\"><h3 class=\"gb-block-post-grid-title\"><a href=\"https:\/\/cppuente.educacion.navarra.es\/web\/blog\/2018\/12\/19\/1er-certamen-de-puertas-navidenas\/\" rel=\"bookmark\">1er certamen de puertas navide\u00f1as<\/a><\/h3><div class=\"gb-block-post-grid-byline\"><time datetime=\"2018-12-19T13:06:54+01:00\" class=\"gb-block-post-grid-date\" itemprop=\"datePublished\">19\/12\/2018<\/time><\/div><\/header><div class=\"gb-block-post-grid-excerpt\"><p>Este curso todo nuestro alumnado ha participado en nuestro primer certamen de decoraci\u00f3n\u00a0 de puertas navide\u00f1as propuesta por la comisi\u00f3n de festejos. Han hecho unos trabajos muy buenos y muy creativos, por eso, ha sido muy dif\u00edcil elegir la puerta ganadora! \u00a1El premio ha sido ser la imagen de nuestra&hellip;<\/p>\n<p><a class=\"gb-block-post-grid-more-link gb-text-link\" href=\"https:\/\/cppuente.educacion.navarra.es\/web\/blog\/2018\/12\/19\/1er-certamen-de-puertas-navidenas\/\" rel=\"bookmark\">&gt;&gt;&gt; <span class=\"screen-reader-text\">1er certamen de puertas navide\u00f1as<\/span><\/a><\/p><\/div><\/div><\/article>\n<article id=\"post-1071\" class=\"gb-post-grid-item post-1071 post type-post status-publish format-standard category-noticias category-transporte entry has-post-thumbnail\"><div class=\"gb-block-post-grid-text\"><header class=\"gb-block-post-grid-header\"><h3 class=\"gb-block-post-grid-title\"><a href=\"https:\/\/cppuente.educacion.navarra.es\/web\/blog\/2014\/08\/27\/balada-triste-de-trompeta\/\" rel=\"bookmark\">Balada triste de trompeta<\/a><\/h3><div class=\"gb-block-post-grid-byline\"><time datetime=\"2014-08-27T23:05:36+02:00\" class=\"gb-block-post-grid-date\" itemprop=\"datePublished\">27\/08\/2014<\/time><\/div><\/header><div class=\"gb-block-post-grid-excerpt\"><p>Patxi Castellanos, nuestro compa\u00f1ero \u00a0del transporte escolar, nos ha dejado definitivamente\u00a0este verano. \u00a0Hasta siempre amigo.<\/p>\n<p><a class=\"gb-block-post-grid-more-link gb-text-link\" href=\"https:\/\/cppuente.educacion.navarra.es\/web\/blog\/2014\/08\/27\/balada-triste-de-trompeta\/\" rel=\"bookmark\">&gt;&gt;&gt; <span class=\"screen-reader-text\">Balada triste de trompeta<\/span><\/a><\/p><\/div><\/div><\/article>\n<\/div><\/section>","protected":false},"excerpt":{"rendered":"<p>TRANSPORTE 2020\/2021 RUTA: LEGARDA \u2013 UTERGA \u2013 MURUZABAL-OBANOS Cuidadora: LUISA Empresa: CONDA &#8211; TAFALLESA RUTA: ADI\u00d3S \u2013 A\u00d1ORBE \u2013 \u00daCAR \u2013 ENERIZ Cuidadora: Judith Armend\u00e1riz Empresa: TAFALLESA RUTA: LARRAGA \u2013 ARTAJONA &#8211; MENDIGORRIA Cuidadora: F\u00e1tima Rodr\u00edguez Empresa: Conda &#8211; Alsa RUTA: ARTAZU \u2013 GUIRGUILLANO \u2013 ECHARREN DE GUIRGUILLANOTaxi: M\u00aa Carmen Erro RUTA: ARTAZU Taxi: Antonio [&hellip;]<\/p>\n","protected":false},"author":1,"featured_media":6655,"parent":69,"menu_order":0,"comment_status":"closed","ping_status":"open","template":"","meta":{"_genesis_hide_title":false,"_genesis_hide_breadcrumbs":false,"_genesis_hide_singular_image":false,"_genesis_hide_footer_widgets":false,"_genesis_custom_body_class":"","_genesis_custom_post_class":"","_genesis_layout":""},"featured_image_src":"https:\/\/cppuente.educacion.navarra.es\/web\/wp-content\/uploads\/2019\/12\/FormatFactoryniko-lienata-C-zgN_LEKb8-unsplash.jpg","featured_image_src_square":"https:\/\/cppuente.educacion.navarra.es\/web\/wp-content\/uploads\/2019\/12\/FormatFactoryniko-lienata-C-zgN_LEKb8-unsplash.jpg","_links":{"self":[{"href":"https:\/\/cppuente.educacion.navarra.es\/web\/wp-json\/wp\/v2\/pages\/97"}],"collection":[{"href":"https:\/\/cppuente.educacion.navarra.es\/web\/wp-json\/wp\/v2\/pages"}],"about":[{"href":"https:\/\/cppuente.educacion.navarra.es\/web\/wp-json\/wp\/v2\/types\/page"}],"author":[{"embeddable":true,"href":"https:\/\/cppuente.educacion.navarra.es\/web\/wp-json\/wp\/v2\/users\/1"}],"replies":[{"embeddable":true,"href":"https:\/\/cppuente.educacion.navarra.es\/web\/wp-json\/wp\/v2\/comments?post=97"}],"version-history":[{"count":23,"href":"https:\/\/cppuente.educacion.navarra.es\/web\/wp-json\/wp\/v2\/pages\/97\/revisions"}],"predecessor-version":[{"id":11185,"href":"https:\/\/cppuente.educacion.navarra.es\/web\/wp-json\/wp\/v2\/pages\/97\/revisions\/11185"}],"up":[{"embeddable":true,"href":"https:\/\/cppuente.educacion.navarra.es\/web\/wp-json\/wp\/v2\/pages\/69"}],"wp:featuredmedia":[{"embeddable":true,"href":"https:\/\/cppuente.educacion.navarra.es\/web\/wp-json\/wp\/v2\/media\/6655"}],"wp:attachment":[{"href":"https:\/\/cppuente.educacion.navarra.es\/web\/wp-json\/wp\/v2\/media?parent=97"}],"curies":[{"name":"wp","href":"https:\/\/api.w.org\/{rel}","templated":true}]}}